{"id":202,"date":"2021-09-15T10:09:29","date_gmt":"2021-09-15T10:09:29","guid":{"rendered":"https:\/\/betoni.com\/lehti\/?page_id=202"},"modified":"2022-04-26T14:21:47","modified_gmt":"2022-04-26T11:21:47","slug":"nakokulmia","status":"publish","type":"page","link":"https:\/\/betoni.com\/lehti\/nakokulmia\/","title":{"rendered":"N\u00e4k\u00f6kulmia"},"content":{"rendered":"<\/div>\n<div class=\"betonilehti-articles\">\n    <div class=\"container\">\n        <div class=\"row\">\n            <div class=\"category_links d-none d-md-block\">\n                <div class=\"category_link active\">\n                    <a href=\"\">Kaikki<\/a>\n                <\/div>\n                                    <div class=\"category_link\">\n                        <a href=\"https:\/\/betoni.com\/lehti\/nakokulma_kategoria\/blogi\/\">Blogi<\/a>\n                    <\/div>\n                                    <div class=\"category_link\">\n                        <a href=\"https:\/\/betoni.com\/lehti\/nakokulma_kategoria\/henkilokuva\/\">Henkil\u00f6kuva<\/a>\n                    <\/div>\n                                    <div class=\"category_link\">\n                        <a href=\"https:\/\/betoni.com\/lehti\/nakokulma_kategoria\/kolumni\/\">Kolumni<\/a>\n                    <\/div>\n                                    <div class=\"category_link\">\n                        <a href=\"https:\/\/betoni.com\/lehti\/nakokulma_kategoria\/paakirjoitus\/\">P\u00e4\u00e4kirjoitus<\/a>\n                    <\/div>\n                                    <div class=\"category_link\">\n                        <a href=\"https:\/\/betoni.com\/lehti\/nakokulma_kategoria\/turvallisuusjohtaminen\/\">Turvallisuusjohtaminen<\/a>\n                    <\/div>\n                            <\/div>\n            <div class=\"category_links d-block d-md-none\">\n                <h1 class=\"text-left\">N\u00e4k\u00f6kulmat<\/h1>\n                <select class=\"form-select\">\n                    <option selected>Kaikki<\/option>\n                                            <option value=\"https:\/\/betoni.com\/lehti\/nakokulma_kategoria\/blogi\/\">\n                            Blogi                        <\/option>\n                                            <option value=\"https:\/\/betoni.com\/lehti\/nakokulma_kategoria\/henkilokuva\/\">\n                            Henkil\u00f6kuva                        <\/option>\n                                            <option value=\"https:\/\/betoni.com\/lehti\/nakokulma_kategoria\/kolumni\/\">\n                            Kolumni                        <\/option>\n                                            <option value=\"https:\/\/betoni.com\/lehti\/nakokulma_kategoria\/paakirjoitus\/\">\n                            P\u00e4\u00e4kirjoitus                        <\/option>\n                                            <option value=\"https:\/\/betoni.com\/lehti\/nakokulma_kategoria\/turvallisuusjohtaminen\/\">\n                            Turvallisuusjohtaminen                        <\/option>\n                                    <\/select>\n            <\/div>\n        <\/div>\n        <div class=\"row posts\">\n                                <div class=\"col-md-6 post\">\n                        <a href=\"https:\/\/betoni.com\/lehti\/nakokulmat\/on-aika-paivittaa-polyyntyneet-uskomukset-kivirakentamisen-ilmastovaikutuksista\/\">\n                            <img decoding=\"async\" src=\"https:\/\/betoni.com\/lehti\/wp-content\/uploads\/sites\/4\/2022\/11\/placeholder_paakirjoittaja_Jussi_Mattila_02-800x450.jpg\" alt=\"On aika p\u00e4ivitt\u00e4\u00e4 p\u00f6lyyntyneet uskomukset kivirakentamisen ilmastovaikutuksista\" \/>\n                            <p class=\"details\">\n                                Blogi | 20.3.2026                            <\/p>\n                            <h3 class=\"title\">On aika p\u00e4ivitt\u00e4\u00e4 p\u00f6lyyntyneet uskomukset kivirakentamisen ilmastovaikutuksista<\/h3>\n                            <p class=\"excerpt\">Betonivalmistaja Lakan k\u00e4ytt\u00f6\u00f6nottama tekniikka v\u00e4h\u00e4hiilisemm\u00e4n betonin valmistamiseen on hieno esimerkki siit\u00e4, ett\u00e4 vaikka ajat kivirakentamisen toimialalla ovat olleet viime vuosina vaikeita, yrityksiss\u00e4 ei ole unohdettu ilmastotavoitteita. Pitk\u00e4j\u00e4nteinen ty\u00f6 p\u00e4\u00e4st\u00f6jen v\u00e4hent\u00e4miseksi tuo nyt konkreettista tulosta, josta hy\u00f6tyy niin yhteiskunta kuin koko planeetta.<\/p>\n                        <\/a>\n                    <\/div>\n                                    <div class=\"col-md-6 post\">\n                        <a href=\"https:\/\/betoni.com\/lehti\/nakokulmat\/kaupan-omat-tuotteet-etu-vai-haitta\/\">\n                            <img decoding=\"async\" src=\"https:\/\/betoni.com\/lehti\/wp-content\/uploads\/sites\/4\/2022\/11\/placeholder_paakirjoittaja_Jussi_Mattila_02-800x450.jpg\" alt=\"Kaupan omat tuotteet \u2013 etu vai haitta?\" \/>\n                            <p class=\"details\">\n                                Blogi | 10.3.2026                            <\/p>\n                            <h3 class=\"title\">Kaupan omat tuotteet \u2013 etu vai haitta?<\/h3>\n                            <p class=\"excerpt\">Pit\u00e4\u00e4k\u00f6 p\u00e4\u00e4kirjoituksessa kirjoittaa aina betonista? No, eip\u00e4 tietenk\u00e4\u00e4n. Kokeillaan kirjoittaa vaihteeksi vaikka elintarvikkeista. Ainakin aluksi. Yksi istuvan hallituksen loppukauden kamppailuista k\u00e4yd\u00e4\u00e4n p\u00e4ivitt\u00e4istavarakaupan alalla. Hallitus nimitt\u00e4in arvelee, ett\u00e4 maataloustuottajia vaivaava talousahdinko&#8230;<\/p>\n                        <\/a>\n                    <\/div>\n                                    <div class=\"col-md-6 post\">\n                        <a href=\"https:\/\/betoni.com\/lehti\/nakokulmat\/suunnittelukilpailuilla-kestavaa-rakentamista\/\">\n                            <img decoding=\"async\" src=\"https:\/\/betoni.com\/lehti\/wp-content\/uploads\/sites\/4\/2026\/03\/Asko_Takala_1920x1080px-800x450.jpg\" alt=\"Suunnittelukilpailuilla kest\u00e4v\u00e4\u00e4 rakentamista\" \/>\n                            <p class=\"details\">\n                                P\u00e4\u00e4kirjoitus | NRO 1\/2026                            <\/p>\n                            <h3 class=\"title\">Suunnittelukilpailuilla kest\u00e4v\u00e4\u00e4 rakentamista<\/h3>\n                            <p class=\"excerpt\">Kest\u00e4v\u00e4\u00e4n kehitykseen t\u00e4ht\u00e4\u00e4v\u00e4 materiaalikulutuksen hillitseminen tekee rakennetun ymp\u00e4rist\u00f6n suunnittelusta koko ajan vaativampaa. Rakentamisesta tulee aiempaa tarkempaa, reagoivampaa ja vuorovaikutteisempaa. Uudisrakentamispainotteinen rakentamisen toimintakulttuuri ja sit\u00e4 osaltaan ohjannut lains\u00e4\u00e4d\u00e4nt\u00f6 sek\u00e4 perinteiset urakointitavat&#8230;<\/p>\n                        <\/a>\n                    <\/div>\n                                    <div class=\"col-md-6 post\">\n                        <a href=\"https:\/\/betoni.com\/lehti\/nakokulmat\/henkilokuvassa-annina-tuominen\/\">\n                            <img decoding=\"async\" src=\"https:\/\/betoni.com\/lehti\/wp-content\/uploads\/sites\/4\/2026\/03\/Annina-Tuominen-1920x1080px-800x450.jpg\" alt=\"Henkil\u00f6kuvassa Annina Tuominen\" \/>\n                            <p class=\"details\">\n                                Henkil\u00f6kuva | NRO 1\/2026                            <\/p>\n                            <h3 class=\"title\">Henkil\u00f6kuvassa Annina Tuominen<\/h3>\n                            <p class=\"excerpt\">Betoni-lehden henkil\u00f6galleriassa on haastateltavana Finnsementti Oy:n tuore toimitusjohtaja, dipl.ins., MBA Annina Tuominen, o.s. Alanen (s. 1981 Vaasa).<\/p>\n                        <\/a>\n                    <\/div>\n                                    <div class=\"col-md-6 post\">\n                        <a href=\"https:\/\/betoni.com\/lehti\/nakokulmat\/enemman-tai-vahemman\/\">\n                            <img decoding=\"async\" src=\"https:\/\/betoni.com\/lehti\/wp-content\/uploads\/sites\/4\/2025\/09\/Auli_Lastunen_2025_1920x1080px-800x450.jpg\" alt=\"Enemm\u00e4n tai v\u00e4hemm\u00e4n?\" \/>\n                            <p class=\"details\">\n                                Kolumni | NRO 1\/2026                            <\/p>\n                            <h3 class=\"title\">Enemm\u00e4n tai v\u00e4hemm\u00e4n?<\/h3>\n                            <p class=\"excerpt\">\u201dMeill\u00e4 on liikaa s\u00e4\u00e4ntely\u00e4!\u201d T\u00e4t\u00e4 mielt\u00e4 ollaan aika yleisesti rakennusalalla. Rakentamiseen pit\u00e4\u00e4 hakea lupa, et\u00e4isyyksi\u00e4 naapureihin ja rantaan s\u00e4\u00e4nnell\u00e4\u00e4n, jopa julkisivun v\u00e4ri voi olla ennalta p\u00e4\u00e4tetty. Jossain menn\u00e4\u00e4n niin syv\u00e4llisiin&#8230;<\/p>\n                        <\/a>\n                    <\/div>\n                                    <div class=\"col-md-6 post\">\n                        <a href=\"https:\/\/betoni.com\/lehti\/nakokulmat\/vahahiilisessa-betonissa-ei-ole-mitaan-uutta-ainoastaan-vahemman-hiilta\/\">\n                            <img decoding=\"async\" src=\"https:\/\/betoni.com\/lehti\/wp-content\/uploads\/sites\/4\/2021\/06\/placeholder_paakirjoittaja_Jussi_Mattila-800x450.jpg\" alt=\"V\u00e4h\u00e4hiilisess\u00e4 betonissa ei ole mit\u00e4\u00e4n uutta \u2013 ainoastaan v\u00e4hemm\u00e4n hiilt\u00e4\" \/>\n                            <p class=\"details\">\n                                P\u00e4\u00e4kirjoitus | NRO 4\/2025                            <\/p>\n                            <h3 class=\"title\">V\u00e4h\u00e4hiilisess\u00e4 betonissa ei ole mit\u00e4\u00e4n uutta \u2013 ainoastaan v\u00e4hemm\u00e4n hiilt\u00e4<\/h3>\n                            <p class=\"excerpt\">Betoniteollisuus on kehitt\u00e4nyt yhdess\u00e4 sementinvalmistajien kanssa koko joukon v\u00e4h\u00e4hiilisi\u00e4 tuotteita vastatakseen alan tarpeeseen pienent\u00e4\u00e4 hiilijalanj\u00e4lke\u00e4\u00e4n. V\u00e4h\u00e4hiilisist\u00e4 betonituotteista kerrotaan muun muassa t\u00e4m\u00e4n lehden artikkeleissa, ja teema on ollut useasti esill\u00e4 my\u00f6s&#8230;<\/p>\n                        <\/a>\n                    <\/div>\n                                    <div class=\"col-md-6 post\">\n                        <a href=\"https:\/\/betoni.com\/lehti\/nakokulmat\/maailma-muuttuu-vai-muuttuuko\/\">\n                            <img decoding=\"async\" src=\"https:\/\/betoni.com\/lehti\/wp-content\/uploads\/sites\/4\/2025\/09\/Auli_Lastunen_2025_1920x1080px-800x450.jpg\" alt=\"Maailma muuttuu vai muuttuuko?\" \/>\n                            <p class=\"details\">\n                                Kolumni | NRO 4\/2025                            <\/p>\n                            <h3 class=\"title\">Maailma muuttuu vai muuttuuko?<\/h3>\n                            <p class=\"excerpt\">Rakentamisessa tapahtuu monenlaista kehityst\u00e4, mutta juuri nyt ollaan hypp\u00e4\u00e4m\u00e4ss\u00e4 ihan uuteen aikaan teko\u00e4lyn my\u00f6t\u00e4. Se muuttaa suunnittelua ja rakentamista ennen n\u00e4kem\u00e4tt\u00f6m\u00e4ll\u00e4 tavalla \/1\/. Siltikin teko\u00e4lyn k\u00e4ytt\u00f6 vaikuttaa l\u00e4hinn\u00e4 prosesseihin ja&#8230;<\/p>\n                        <\/a>\n                    <\/div>\n                                    <div class=\"col-md-6 post\">\n                        <a href=\"https:\/\/betoni.com\/lehti\/nakokulmat\/henkilokuvassa-aki-kemppainen\/\">\n                            <img decoding=\"async\" src=\"https:\/\/betoni.com\/lehti\/wp-content\/uploads\/sites\/4\/2025\/12\/Aki-Kemppainen_1920x1080px01-800x450.jpg\" alt=\"Henkil\u00f6kuvassa Aki Kemppainen\" \/>\n                            <p class=\"details\">\n                                Henkil\u00f6kuva | NRO 4\/2025                            <\/p>\n                            <h3 class=\"title\">Henkil\u00f6kuvassa Aki Kemppainen<\/h3>\n                            <p class=\"excerpt\">Betoni-lehden henkil\u00f6galleriassa on haastateltavana suunnittelup\u00e4\u00e4llikk\u00f6, Yamk Aki Kemppainen (s. 1982 Turku).<\/p>\n                        <\/a>\n                    <\/div>\n                                    <div class=\"col-md-6 post\">\n                        <a href=\"https:\/\/betoni.com\/lehti\/nakokulmat\/miten-kohti-parempaa-vastuullisuutta\/\">\n                            <img decoding=\"async\" src=\"https:\/\/betoni.com\/lehti\/wp-content\/uploads\/sites\/4\/2022\/11\/placeholder_paakirjoittaja_Jussi_Mattila_02-800x450.jpg\" alt=\"Miten kohti parempaa vastuullisuutta?\" \/>\n                            <p class=\"details\">\n                                Blogi | 3.12.2025                            <\/p>\n                            <h3 class=\"title\">Miten kohti parempaa vastuullisuutta?<\/h3>\n                            <p class=\"excerpt\">A-Insin\u00f6\u00f6rien vastuullisuusjohtaja Liisa J\u00e4\u00e4tvuori pohtii rakentamisen vastuullisuushaasteita Rakennuslehden haastattelussa 21.11.2025. H\u00e4n puhuu rakennusten nykyist\u00e4 paremman monik\u00e4ytt\u00f6isyyden ja muuntojoustavuuden, ja siten rakennusten pidemm\u00e4n elinkaaren puolesta. Rakennusten monik\u00e4ytt\u00f6isyyden ja muuntojoustavuuden toteutumisen esteen\u00e4&#8230;<\/p>\n                        <\/a>\n                    <\/div>\n                                    <div class=\"col-md-6 post\">\n                        <a href=\"https:\/\/betoni.com\/lehti\/nakokulmat\/betoni-ei-kierra-vai-kiertaako-sittenkin\/\">\n                            <img decoding=\"async\" src=\"https:\/\/betoni.com\/lehti\/wp-content\/uploads\/sites\/4\/2022\/11\/placeholder_paakirjoittaja_Jussi_Mattila_02-800x450.jpg\" alt=\"Betoni ei kierr\u00e4 \u2013 vai kiert\u00e4\u00e4k\u00f6 sittenkin?\" \/>\n                            <p class=\"details\">\n                                Blogi | 20.10.2025                            <\/p>\n                            <h3 class=\"title\">Betoni ei kierr\u00e4 \u2013 vai kiert\u00e4\u00e4k\u00f6 sittenkin?<\/h3>\n                            <p class=\"excerpt\">Infra ry:ss\u00e4 k\u00e4ytiin vastik\u00e4\u00e4n l\u00e4pi kaikki j\u00e4tteen siirtoasiakirjat vuodelta 2024. N\u00e4ist\u00e4 kertyi 1,5 miljoonaa tonnia purkubetonia. M\u00e4\u00e4r\u00e4st\u00e4 voi p\u00e4\u00e4tell\u00e4, ett\u00e4 kyseess\u00e4 on edustava otos purkubetonivolyymist\u00e4. Siirtoasiakirjojen mukaan betonista p\u00e4\u00e4tyi jatkohy\u00f6dynt\u00e4miseen&#8230;<\/p>\n                        <\/a>\n                    <\/div>\n                                    <div class=\"col-md-6 post\">\n                        <a href=\"https:\/\/betoni.com\/lehti\/nakokulmat\/tuoteteollisuuden-yhteiset-edunvalvontoimet\/\">\n                            <img decoding=\"async\" src=\"https:\/\/betoni.com\/lehti\/wp-content\/uploads\/sites\/4\/2025\/09\/JuhaLuhanka_1920x1080px-800x450.png\" alt=\"Tuoteteollisuuden yhteiset edunvalvontoimet\" \/>\n                            <p class=\"details\">\n                                P\u00e4\u00e4kirjoitus | NRO 3\/2025                            <\/p>\n                            <h3 class=\"title\">Tuoteteollisuuden yhteiset edunvalvontoimet<\/h3>\n                            <p class=\"excerpt\">Mit\u00e4 kuuluu Rakennustuoteteollisuus RTT:n j\u00e4rjest\u00f6toimiin \u2013 kysyt\u00e4\u00e4n? Toiminta jakaantuu kahteen p\u00e4\u00e4osaan: jaostojen ja tuoteryhmien teknisiin ja viestinn\u00e4llisiin toimiin, jotka tukevat edunvalvontaa, sek\u00e4 yhteisten asioiden hoitoon. Eurooppalaisissa j\u00e4rjest\u00f6iss\u00e4 yhteiset asiat keskittyv\u00e4t&#8230;<\/p>\n                        <\/a>\n                    <\/div>\n                                    <div class=\"col-md-6 post\">\n                        <a href=\"https:\/\/betoni.com\/lehti\/nakokulmat\/tiedatko-mita-kaytat\/\">\n                            <img decoding=\"async\" src=\"https:\/\/betoni.com\/lehti\/wp-content\/uploads\/sites\/4\/2025\/09\/Auli_Lastunen_2025_1920x1080px-800x450.jpg\" alt=\"Tied\u00e4tk\u00f6 mit\u00e4 k\u00e4yt\u00e4t?\" \/>\n                            <p class=\"details\">\n                                Kolumni | NRO 3\/2025                            <\/p>\n                            <h3 class=\"title\">Tied\u00e4tk\u00f6 mit\u00e4 k\u00e4yt\u00e4t?<\/h3>\n                            <p class=\"excerpt\">Suomessa on Runko-BES -j\u00e4rjestelm\u00e4n my\u00f6t\u00e4 saavutettu tilanne, jossa riitt\u00e4v\u00e4 m\u00e4\u00e4r\u00e4 tuotteita ja liitosratkaisuja on vakioitu. N\u00e4in suunnittelijat pystyv\u00e4t suunnittelemaan geneerisi\u00e4 ratkaisuja ja kohteiden elementtitoimituksia voidaan kilpailuttaa vapaasti. Tilanne on kaikin&#8230;<\/p>\n                        <\/a>\n                    <\/div>\n                                    <div class=\"col-12\">\n                        <nav>\n                            <ul class=\"pagination\">\n                                                                    <li class=\"page-item active\"><a class=\"page-link\" href=\"?paged=1\">1<\/a><\/li>\n                                                                    <li class=\"page-item \"><a class=\"page-link\" href=\"?paged=2\">2<\/a><\/li>\n                                                                    <li class=\"page-item \"><a class=\"page-link\" href=\"?paged=3\">3<\/a><\/li>\n                                                                    <li class=\"page-item \"><a class=\"page-link\" href=\"?paged=4\">4<\/a><\/li>\n                                                                    <li class=\"page-item \"><a class=\"page-link\" href=\"?paged=5\">5<\/a><\/li>\n                                                                    <li class=\"page-item \"><a class=\"page-link\" href=\"?paged=6\">6<\/a><\/li>\n                                                                    <li class=\"page-item \"><a class=\"page-link\" href=\"?paged=7\">7<\/a><\/li>\n                                                                                                    <li class=\"page-item\"><a class=\"page-link\" href=\"?paged=2\"><i class=\"fas fa-angle-right\"><\/i><\/a><\/li>\n                                                            <\/ul>\n                        <\/nav>\n                    <\/div>\n                    <\/div>\n    <\/div>\n<\/div>\n<script>\n    $(document).ready(function() {\n        $(\".category_links select\").change(function() {\n            window.location.href = this.value;\n        });\n    })\n<\/script><div class='container'>","protected":false},"excerpt":{"rendered":"","protected":false},"author":1,"featured_media":0,"parent":0,"menu_order":0,"comment_status":"closed","ping_status":"closed","template":"","meta":{"_acf_changed":false,"footnotes":""},"class_list":["post-202","page","type-page","status-publish","hentry"],"acf":[],"yoast_head":"<!-- This site is optimized with the Yoast SEO plugin v27.2 - https:\/\/yoast.com\/product\/yoast-seo-wordpress\/ -->\n<title>N\u00e4k\u00f6kulmia - Betoni-lehti<\/title>\n<meta name=\"robots\" content=\"index, follow, max-snippet:-1, max-image-preview:large, max-video-preview:-1\" \/>\n<link rel=\"canonical\" href=\"https:\/\/betoni.com\/lehti\/nakokulmia\/\" \/>\n<meta property=\"og:locale\" content=\"fi_FI\" \/>\n<meta property=\"og:type\" content=\"article\" \/>\n<meta property=\"og:title\" content=\"N\u00e4k\u00f6kulmia - Betoni-lehti\" \/>\n<meta property=\"og:url\" content=\"https:\/\/betoni.com\/lehti\/nakokulmia\/\" \/>\n<meta property=\"og:site_name\" content=\"Betoni-lehti\" \/>\n<meta property=\"article:modified_time\" content=\"2022-04-26T11:21:47+00:00\" \/>\n<meta name=\"twitter:card\" content=\"summary_large_image\" \/>\n<script type=\"application\/ld+json\" class=\"yoast-schema-graph\">{\"@context\":\"https:\/\/schema.org\",\"@graph\":[{\"@type\":\"WebPage\",\"@id\":\"https:\/\/betoni.com\/lehti\/nakokulmia\/\",\"url\":\"https:\/\/betoni.com\/lehti\/nakokulmia\/\",\"name\":\"N\u00e4k\u00f6kulmia - Betoni-lehti\",\"isPartOf\":{\"@id\":\"https:\/\/betoni.com\/lehti\/#website\"},\"datePublished\":\"2021-09-15T10:09:29+00:00\",\"dateModified\":\"2022-04-26T11:21:47+00:00\",\"breadcrumb\":{\"@id\":\"https:\/\/betoni.com\/lehti\/nakokulmia\/#breadcrumb\"},\"inLanguage\":\"fi\",\"potentialAction\":[{\"@type\":\"ReadAction\",\"target\":[\"https:\/\/betoni.com\/lehti\/nakokulmia\/\"]}]},{\"@type\":\"BreadcrumbList\",\"@id\":\"https:\/\/betoni.com\/lehti\/nakokulmia\/#breadcrumb\",\"itemListElement\":[{\"@type\":\"ListItem\",\"position\":1,\"name\":\"Home\",\"item\":\"https:\/\/betoni.com\/lehti\/\"},{\"@type\":\"ListItem\",\"position\":2,\"name\":\"N\u00e4k\u00f6kulmia\"}]},{\"@type\":\"WebSite\",\"@id\":\"https:\/\/betoni.com\/lehti\/#website\",\"url\":\"https:\/\/betoni.com\/lehti\/\",\"name\":\"Betoni-lehti\",\"description\":\"Betoni ry:n verkkolehti\",\"potentialAction\":[{\"@type\":\"SearchAction\",\"target\":{\"@type\":\"EntryPoint\",\"urlTemplate\":\"https:\/\/betoni.com\/lehti\/?s={search_term_string}\"},\"query-input\":{\"@type\":\"PropertyValueSpecification\",\"valueRequired\":true,\"valueName\":\"search_term_string\"}}],\"inLanguage\":\"fi\"}]}<\/script>\n<!-- \/ Yoast SEO plugin. -->","yoast_head_json":{"title":"N\u00e4k\u00f6kulmia - Betoni-lehti","robots":{"index":"index","follow":"follow","max-snippet":"max-snippet:-1","max-image-preview":"max-image-preview:large","max-video-preview":"max-video-preview:-1"},"canonical":"https:\/\/betoni.com\/lehti\/nakokulmia\/","og_locale":"fi_FI","og_type":"article","og_title":"N\u00e4k\u00f6kulmia - Betoni-lehti","og_url":"https:\/\/betoni.com\/lehti\/nakokulmia\/","og_site_name":"Betoni-lehti","article_modified_time":"2022-04-26T11:21:47+00:00","twitter_card":"summary_large_image","schema":{"@context":"https:\/\/schema.org","@graph":[{"@type":"WebPage","@id":"https:\/\/betoni.com\/lehti\/nakokulmia\/","url":"https:\/\/betoni.com\/lehti\/nakokulmia\/","name":"N\u00e4k\u00f6kulmia - Betoni-lehti","isPartOf":{"@id":"https:\/\/betoni.com\/lehti\/#website"},"datePublished":"2021-09-15T10:09:29+00:00","dateModified":"2022-04-26T11:21:47+00:00","breadcrumb":{"@id":"https:\/\/betoni.com\/lehti\/nakokulmia\/#breadcrumb"},"inLanguage":"fi","potentialAction":[{"@type":"ReadAction","target":["https:\/\/betoni.com\/lehti\/nakokulmia\/"]}]},{"@type":"BreadcrumbList","@id":"https:\/\/betoni.com\/lehti\/nakokulmia\/#breadcrumb","itemListElement":[{"@type":"ListItem","position":1,"name":"Home","item":"https:\/\/betoni.com\/lehti\/"},{"@type":"ListItem","position":2,"name":"N\u00e4k\u00f6kulmia"}]},{"@type":"WebSite","@id":"https:\/\/betoni.com\/lehti\/#website","url":"https:\/\/betoni.com\/lehti\/","name":"Betoni-lehti","description":"Betoni ry:n verkkolehti","potentialAction":[{"@type":"SearchAction","target":{"@type":"EntryPoint","urlTemplate":"https:\/\/betoni.com\/lehti\/?s={search_term_string}"},"query-input":{"@type":"PropertyValueSpecification","valueRequired":true,"valueName":"search_term_string"}}],"inLanguage":"fi"}]}},"_links":{"self":[{"href":"https:\/\/betoni.com\/lehti\/wp-json\/wp\/v2\/pages\/202","targetHints":{"allow":["GET"]}}],"collection":[{"href":"https:\/\/betoni.com\/lehti\/wp-json\/wp\/v2\/pages"}],"about":[{"href":"https:\/\/betoni.com\/lehti\/wp-json\/wp\/v2\/types\/page"}],"author":[{"embeddable":true,"href":"https:\/\/betoni.com\/lehti\/wp-json\/wp\/v2\/users\/1"}],"replies":[{"embeddable":true,"href":"https:\/\/betoni.com\/lehti\/wp-json\/wp\/v2\/comments?post=202"}],"version-history":[{"count":0,"href":"https:\/\/betoni.com\/lehti\/wp-json\/wp\/v2\/pages\/202\/revisions"}],"wp:attachment":[{"href":"https:\/\/betoni.com\/lehti\/wp-json\/wp\/v2\/media?parent=202"}],"curies":[{"name":"wp","href":"https:\/\/api.w.org\/{rel}","templated":true}]}}